highest common divisor of 48604 and 116?
116
Calculate the greatest common factor of 7038 and 23.
23
What is the highest common divisor of 24 and 9336?
24
What is the highest common factor of 6400 and 8?
8
Calculate the highest common factor of 78 and 24.
6
What is the highest common divisor of 396 and 1488?
12
What is the highest common factor of 99 and 27?
9
What is the highest common factor of 4475 and 50?
25
What is the highest common factor of 171 and 432?
9
Calculate the greatest common divisor of 93 and 527.
31
What is the greatest common divisor of 408 and 561?
51
What is the greatest common factor of 273 and 21?
21
What is the greatest common factor of 16 and 328?
8
Calculate the highest common divisor of 931 and 228.
19
What is the greatest common divisor of 986 and 34?
34
Calculate the greatest common factor of 136 and 3672.
136
What is the highest common factor of 14608 and 880?
176
Calculate the greatest common factor of 12 and 3468.
12
What is the highest common factor of 3358 and 138?
46
What is the greatest common divisor of 140 and 315?
35
What is the highest common divisor of 144 and 18?
18
What is the highest common factor of 179 and 5191?
179
Calculate the highest common factor of 342 and 18.
18
Calculate the greatest common divisor of 30 and 510.
30
What is the greatest common divisor of 63 and 21357?
63
What is the greatest common factor of 102 and 901?
17
Calculate the highest common divisor of 90 and 195.
15
What is the highest common divisor of 608 and 32?
32
What is the greatest common divisor of 1030 and 10?
10
What is the highest common factor of 350 and 4130?
70
Calculate the greatest common divisor of 56 and 896.
56
What is the greatest common factor of 33282 and 18?
18
Calculate the greatest common divisor of 62 and 53134.
62
What is the highest common divisor of 3249 and 9?
9
Calculate the highest common divisor of 66439 and 29.
29
Calculate the greatest common divisor of 82 and 1435.
41
Calculate the highest common divisor of 1830 and 2806.
122
What is the highest common factor of 100 and 660?
20
Calculate the highest common divisor of 303 and 808.
101
What is the greatest common divisor of 80 and 136?
8
Calculate the greatest common divisor of 60 and 8960.
20
What is the greatest common factor of 40 and 24?
8
Calculate the greatest common factor of 2770 and 10.
10
Calculate the greatest common divisor of 250 and 150.
50
What is the highest common divisor of 42 and 2634?
6
Calculate the greatest common factor of 4512 and 384.
96
What is the highest common factor of 48 and 256?
16
What is the greatest common factor of 45 and 225?
45
What is the highest common divisor of 420 and 80?
20
What is the greatest common factor of 25 and 73?
1
Calculate the highest common factor of 1264 and 48.
16
Calculate the highest common factor of 176 and 308.
44
What is the highest common factor of 79 and 5925?
79
What is the highest common divisor of 66 and 363?
33
What is the highest common factor of 1000 and 80?
40
Calculate the highest common divisor of 6786 and 234.
234
Calculate the greatest common divisor of 1199 and 2507.
109
What is the highest common divisor of 185 and 5772?
37
What is the highest common divisor of 6076 and 14?
14
Calculate the highest common divisor of 402 and 14874.
402
What is the highest common divisor of 2230 and 40?
10
What is the greatest common factor of 26 and 22711?
13
Calculate the greatest common factor of 147 and 14.
7
What is the greatest common factor of 56 and 32?
8
What is the highest common factor of 640 and 30?
10
Calculate the greatest common factor of 1596 and 380.
76
Calculate the greatest common divisor of 13 and 4017.
13
What is the greatest common divisor of 152 and 38?
38
What is the greatest common factor of 995 and 1592?
199
What is the highest common divisor of 12628 and 44?
44
What is the highest common factor of 2 and 47?
1
What is the greatest common divisor of 222 and 8103?
111
What is the greatest common factor of 255 and 459?
51
What is the highest common divisor of 106 and 477?
53
What is the greatest common divisor of 204 and 1632?
204
Calculate the greatest common factor of 292 and 8833.
73
What is the greatest common factor of 57 and 437?
19
Calculate the highest common divisor of 406 and 14.
14
Calculate the highest common divisor of 12 and 27.
3
Calculate the greatest common factor of 780 and 20540.
260
What is the highest common divisor of 1386 and 44?
22
Calculate the highest common divisor of 7486 and 38.
38
Calculate the highest common factor of 5123 and 109.
109
Calculate the highest common factor of 9898 and 70.
14
Calculate the highest common factor of 185 and 11285.
185
Calculate the greatest common divisor of 5463 and 36.
9
Calculate the highest common factor of 220 and 20.
20
What is the highest common factor of 418 and 19?
19
Calculate the highest common factor of 66 and 297.
33
Calculate the highest common divisor of 176 and 8.
8
Calculate the highest common divisor of 312 and 1924.
52
What is the greatest common divisor of 26 and 234?
26
Calculate the highest common factor of 210 and 735.
105
What is the highest common divisor of 94 and 2162?
94
Calculate the highest common divisor of 240 and 210.
30
What is the highest common divisor of 42 and 13412?
14
What is the greatest common factor of 6369 and 33?
33
What is the highest common divisor of 588 and 9702?
294
Calculate the highest common factor of 128555 and 35.
35
Calculate the greatest common divisor of 6994 and 26.
26
What is the greatest common divisor of 1107 and 108?
27
What is the highest common divisor of 121 and 583?
11
What is the greatest common factor of 195 and 2795?
65
Calculate the greatest common divisor of 255 and 315.
15
Calculate the highest common factor of 75 and 100.
25
What is the highest common divisor of 1241 and 219?
73
What is the greatest common divisor of 6201 and 13?
13
What is the greatest common divisor of 12 and 1002?
6
What is the highest common factor of 129520 and 80?
80
What is the greatest common divisor of 245 and 147?
49
Calculate the highest common divisor of 493 and 119.
17
What is the greatest common factor of 3 and 41?
1
What is the highest common factor of 403 and 65?
13
Calculate the highest common factor of 510 and 10.
10
Calculate the greatest common divisor of 399 and 171.
57
Calculate the highest common divisor of 16 and 48.
16
What is the highest common divisor of 15 and 885?
15
Calculate the highest common divisor of 432 and 378.
54
Calculate the greatest common factor of 306 and 28356.
102
What is the highest common factor of 14 and 126?
14
Calculate the highest common factor of 18 and 558.
18
What is the highest common factor of 1 and 347?
1
What is the greatest common divisor of 540 and 840?
60
What is the greatest common factor of 672 and 231?
21
Calculate the highest common divisor of 9 and 327.
3
Calculate the highest common divisor of 609 and 21.
21
Calculate the greatest common divisor of 32116 and 1302.
434
What is the highest common factor of 5434 and 4180?
418
What is the greatest common factor of 84 and 1806?
42
What is the greatest common factor of 803 and 73?
73
Calculate the highest common divisor of 171 and 19.
19
What is the highest common divisor of 136 and 51?
17
Calculate the highest common factor of 48 and 8304.
48
What is the highest common divisor of 225 and 375?
75
Calculate the highest common factor of 5072 and 16.
16
What is the greatest common divisor of 126 and 4886?
14
What is the highest common factor of 20 and 865?
5
What is the highest common factor of 176 and 44176?
176
Calculate the greatest common divisor of 33 and 154.
11
What is the highest common divisor of 11580 and 90?
30
Calculate the highest common divisor of 253 and 391.
23
Calculate the greatest common factor of 128 and 192.
64
What is the highest common factor of 114 and 15314?
38
Calculate the highest common divisor of 548 and 160.
4
What is the highest common factor of 84 and 1568?
28
What is the greatest common factor of 6 and 3?
3
Calculate the highest common factor of 21 and 483.
21
Calculate the highest common factor of 2175 and 150.
75
Calculate the highest common divisor of 1 and 912.
1
What is the greatest common divisor of 200 and 2075?
25